 What is the tens digit of b?
3
Suppose -2*a + a = 0. Suppose z - 4 = a, 2*j = -3*j - 2*z + 33. Suppose 0 = d, 3*r = -j*d + 50 + 22. What is the tens digit of r?
2
Suppose 6*x - 14402 - 1486 = 0. What is the thousands digit of x?
2
Let s = 6 - 0. Suppose -3*w - s = 15. Let x = w + 16. What is the units digit of x?
9
Suppose -41 - 2 = -4*r + 3*d, 5*r = 3*d + 56. Suppose -4*x + 5 = r. What is the units digit of -1*(2 + x - 2)?
2
Let a(i) = i**3 + 14*i**2 + 8*i + 5. Let c be a(-13). Suppose -3*p - 5*w = -c, 3*p - w - 2*w - 30 = 0. What is the tens digit of p?
1
Let h(l) = 12*l**2 - 10*l + 15. What is the thousands digit of h(-9)?
1
Let b = 42 - 26. Let x = b + -47. Let j = -15 - x. What is the tens digit of j?
1
Let p be (-2)/14 - 3424/(-56). Let l = p - 18. What is the tens digit of l?
4
Let f be (-7)/(-4 + (-685)/(-170)). Let i = f + 441. What is the units digit of i?
3
Suppose w + 9 = 3*i, 2*w + 20 = -2*w + 4*i. What is the units digit of 4/(-6)*w*12?
4
Let n(u) = u**2 - u + 21. Let z be n(0). Let x = 22 - z. Let f(l) = 16*l**3 - l + 2. What is the tens digit of f(x)?
1
Suppose -2 = 4*f - 2*f. Let a(o) = 59*o + 3. Let j be a(f). Let u = 0 - j. What is the units digit of u?
6
Let r(k) = -71*k - 2. What is the tens digit of r(-1)?
6
Suppose 0 = -2*z + z. Suppose -q + 16 + 4 = z. Let n = 39 - q. What is the tens digit of n?
1
Let z(i) = 232*i**3 + 2*i**2 - 6*i + 5. Let o(c) = -c**3 - 8*c**2 + c + 9. Let p be o(-8). What is the hundreds digit of z(p)?
2
Let h be -1 + (-2 - (-6)/(-3)). Let k(g) = 2*g + 3. Let i be k(h). Let b(m) = m**3 + 6*m**2 - 8*m - 4. What is the units digit of b(i)?
3
Let a(d) = d**2 - 3*d - 14. Let k be a(-3). Suppose k*b = 2*l - 164, -3*l - b - 2*b = -246. What is the units digit of l?
2
Let g = 11 + -11. Suppose -3*r = k - 154, g = -2*k - 2*k + r + 616. What is the units digit of k?
4
Suppose -y = 66 + 282. What is the tens digit of (4/(-6))/(4/y)?
5
Let a be 4/4*1*2. Suppose -3*b - 5*h - 35 = 0, -4*b - a*h - 95 = -5*h. What is the units digit of (-6)/8 + (-155)/b?
7
Suppose 0 = -4*d + 3*d + 12. What is the units digit of 420/d + (0 - 1) - 2?
2
Suppose 3*i + 899 = 2*o, -17*o - 5*i = -12*o - 2185. What is the units digit of o?
2
Let o(v) = -v**3 - 6*v**2 - 4*v + 7. Let n be o(-5). Suppose -n*f + 7 + 5 = -3*m, f = 3. What is the units digit of (-6)/m + 4 + -2?
5
Suppose 0 = -82*o + 81*o + 2. What is the tens digit of (17/68)/(o/16)*36?
7
Let g = 8 - 3. Suppose -g*m = 5*r - 35, 0 = -3*m - 4*r + 12 + 14. Suppose -68 = -m*d - 2*d. What is the units digit of d?
7
Suppose -2*x - 4*z + 550 = 0, 10 + 0 = 2*z. What is the hundreds digit of x?
2
Let c(t) = -4*t - 4*t + 4*t + 2*t**2 + 4 + 2*t. Let r be c(3). Suppose 3*g - r = g - b, 0 = 3*b. What is the units digit of g?
8
Suppose 3*n - x - 225 = -5*x, x - 225 = -3*n. Let u be (n/20)/((-9)/(-96)). Suppose -u = -5*b + 4*b. What is the tens digit of b?
4
Let o be 16/12*3 - -41. Suppose -47*m = -o*m - 150. What is the units digit of m?
5
Suppose 6*z = 32 - 2. Suppose 5*i = -0*i + 10. Suppose 0 = -2*l + 6*l - z*w - 99, -i*w = l - 28. What is the units digit of l?
6
Let d = -415 - -258. Let x = -40 - d. What is the tens digit of x?
1
Suppose 0 = 2*n - 7*n + 15. Suppose -n*v - 9 = -0*v. What is the tens digit of v + (-54)/(-2) - 3?
2
Suppose 121*j = 118*j + 4080. What is the hundreds digit of j?
3
Let n = 45 - 13. Suppose -2*y + o + 78 = -n, 0 = -5*y + 3*o + 275. What is the units digit of y?
5
Let k = 48 + -25. Suppose r - k = 33. What is the tens digit of r?
5
Let b = 1295 - -1970. What is the tens digit of b?
6
Suppose 0 = -6*o + 5*o + 170. Suppose o = 10*a - 5*a. What is the units digit of a?
4
Let x(b) = -b**2 + 6*b + 8. Let n be x(7). Let k be 953/3 + n/3. Suppose -5*z - 13 + k = 0. What is the units digit of z?
1
Let i(j) be the third derivative of 7*j**4/8 - 3*j**3/2 + 13*j**2. What is the hundreds digit of i(8)?
1
Let m be 8/3*(-30)/(-2). Let d be ((-9)/(-3) + -4)*-48. Suppose 5*c + n = d, -2*c - 5*n - m = -5*c. What is the tens digit of c?
1
Let j = 11 - 7. Suppose 0 = -10*r + j*r + 18. Suppose -r*u + 21 = -2*u. What is the units digit of u?
1
Let m(x) = x**2 - 4*x + 1. Let w be m(-9). Suppose 0 = 2*o - 3*c + w, 2*o + 3*o = c - 308. Let d = 107 + o. What is the units digit of d?
5
What is the tens digit of 8/(48/1566) + 0?
6
Suppose 0 = -8*l - 3 + 35. Let w(i) = -i**3 - 2*i**2 + i + 2. Let m be w(-2). Suppose -3*a + 2*a = 3*y - 28, l*y - 20 = m. What is the units digit of a?
3
Suppose 0*o - 3*o + 68 = 5*l, 5*o + 3*l - 140 = 0. Suppose -2*z = -6*z + 64. Let m = z + o. What is the tens digit of m?
4
Let x = -24 + 30. Suppose -2140 + 334 = -x*d. What is the units digit of d?
1
What is the thousands digit of 8/(-6) - 23712/(-18)?
1
Suppose -3753 = -8*w - w. What is the hundreds digit of w?
4
Suppose 3*t - 6*t + 102 = 0. Suppose -3*m + 262 = t. Let q = m - 54. What is the tens digit of q?
2
Let g(q) = -q**3 + 13*q**2 - 14*q + 25. What is the hundreds digit of g(10)?
1
Let j = -13 + 36. What is the hundreds digit of j*(-18)/(-3) + -2?
1
Suppose 2*m = -x + 7, -x = 2*m + 2*x - 13. Suppose -17 = m*q - 55. What is the units digit of q?
9
Let w = 45 + -24. Suppose 3*h = -15 - w. What is the units digit of 24*(h/(-8) - 0)?
6
Suppose -g + 89 = -114. Suppose -2*d + g = -73. Suppose 0*s = -6*s + d. What is the tens digit of s?
2
Let g be 27 + (-3 - -4) + 0. Let y = 56 - g. What is the units digit of y?
8
What is the tens digit of 39*(258/36 + -7)*292?
9
Let u = -12 - -16. Suppose -2*d + 3*d - u = 0. Suppose -d*k + 18 = a - 7, 0 = 3*k - a - 24. What is the units digit of k?
7
Let u(b) = -8*b + 19. Let a be u(-7). Suppose 5*w = m - 59, -w + a + 118 = 3*m. What is the tens digit of m?
6
Suppose -4*f + 6*f = 6. Suppose 2*x + f*x = 1140. What is the hundreds digit of x?
2
Let c be (-252)/(-117) + 2/(-13). Let p(j) = -18*j**2 + 3 + 6*j**c - 2*j - j**3 - 20 - j. What is the units digit of p(-12)?
9
Let s be -1*(2/(-14) + 86/14). What is the units digit of ((-21)/4)/(s/112)?
8
Suppose f = 3*t + 5, 5 = f - 2*f - 2*t. Let p be 7*(2 - (f - 0)). Suppose -u = 2*u - p. What is the units digit of u?
7
Suppose 0 = 5*b + 4*v - 2835, 6*b - 2*b - 2*v - 2268 = 0. What is the units digit of b?
7
Let j be -3 + (6/(-27) - (-2171)/9). Suppose -420 = -2*c + j. What is the units digit of c?
9
Let r be 1*5/(-4 - -5). What is the units digit of 1/r*5 + (97 - 0)?
8
Let w be (-5)/(-20)*13*-4. Let x be (19 + w)*9/2. Suppose x = -4*r + 5*r. What is the units digit of r?
7
Let m = -5 - -5. Suppose 2*g = -8, 2*s - 12 = -m*s + 3*g. Suppose 4*k + s = -4, 7 = 3*j - 4*k. What is the units digit of j?
1
Let t(d) = 38*d - 48. What is the hundreds digit of t(13)?
4
Suppose -16146 = 3*p - 30*p. What is the tens digit of p?
9
Let g(i) = i**3 - 7*i**2 + 6*i - 13. What is the units digit of g(7)?
9
Suppose 3425 = 39*j + 1124. What is the units digit of j?
9
Suppose -4*o + 108 = -2*j, 0 = j + 2*j - o + 167. What is the units digit of (1 + 0)*j/(-8)?
7
Let x(j) = j**3 + 3*j**2 + 6*j + 49. What is the hundreds digit of x(8)?
8
What is the thousands digit of 0 + -2 + 1 - (148 - 2942)?
2
Let v(n) = 5*n - 7. Let o be v(2). Suppose 12*k - 162 = o*k. What is the units digit of k?
8
Let l(d) be the third derivative of -d**6/240 - d**5/15 - 5*d**4/24 - d**2. Let k(n) be the second derivative of l(n). What is the units digit of k(-6)?
0
Suppose 0 = -15*d - 9280 + 42190. What is the hundreds digit of d?
1
Suppose -115 = 10*o - 9965. What is the units digit of o?
5
Suppose -u - 1457 = -2*m, -m + 2*u = 7*u - 723. What is the units digit of m?
8
Let b be (72/(-14))/(1/(-7)). Suppose 17 = 5*j - z - 27, -b = -4*j + z. Suppose -u - j = -25. What is the units digit of u?
7
Let x be (-2)/(-3) - (-4)/(-6). Suppose x = -b - 0*b. Suppose -5*y = 5*t - 95, b*y + 5*t - 63 = -3*y. What is the units digit of y?
6
Let l(x) = 42*x - 324. What is the thousands digit of l(49)?
1
Let m = 14 + -1. Let z = m - 11. What is the units digit of 2/z*-37*-1?
7
Let p be ((-1)/3)/((-2)/30). Suppose -p*m + 3*n = -171, 3*m - 7*m = 2*n - 128. Suppose 6*k - m = 3*k. What is the tens digit of k?
1
Suppose 0 = 3*a - 2 - 10. Suppose 336 = -n + 29*n. Suppose 0*t = a*t - n. What is the units digit of t?
3
Suppose -7*y + 6 = -9*y, 30 = 5*g - 5*y. What is the tens digit of 1 + 79 + (g - (